- 4*k + 4*k + 5*k. What is c(1)?
-9
Suppose 5*m = 2*c - 14 + 24, -23 = -3*c - 2*m. Let q(i) = 2*i - 2. What is q(c)?
8
Let x(m) = 236*m + 4*m**3 + 19 - 3*m**3 - 235*m. Calculate x(0).
19
Let n(w) = 6 + 49*w**3 - 12 - 5*w - 48*w**3 + 3*w**2. Determine n(-4).
-2
Suppose r = 2*a - 2*r + 7, 0 = 5*a + 2*r + 27. Let i(d) = 2*d + 2 + 2 + 3 + 0. Give i(a).
-3
Suppose 0 = 8*j - 2*j - 12. Suppose 2*a + b = -2*a - 6, j*b = 4. Let w(z) = -7*z - 2. Calculate w(a).
12
Let f(j) be the second derivative of j**4/12 - j**3/3 + j**2/2 - 2*j. Let t be f(2). Let l(w) = 3*w - t - 2*w + 0 - 3. Determine l(0).
-4
Let d(f) = 13*f + 154. Let t be d(-12). Let h(o) = 5 + 3*o**2 + 3*o - 3 - 4*o + 2*o**3 + 2*o. Determine h(t).
-4
Let t(j) = 3*j**2 + 2*j. Let l be 0/((-1 - 0)*2). Suppose l*b = -b + 10. Suppose 12*v - b = 17*v. Calculate t(v).
8
Let a be (-3)/((-3)/(-1))*-3. Let k be -13*6*(-2)/a. Let y be k/(-9) - (-10)/(-45). Let d(l) = l - 3. What is d(y)?
-9
Let w(j) be the second derivative of j**5/4 + j**4/6 + j**3/2 + j**2 - 3*j - 10. Determine w(-1).
-4
Let k(c) = c**3 - 6*c**2 + 5*c. Let b be 7/(-2) + (-34)/(-4). Give k(b).
0
Let g(p) = p**3 - 3*p**2 - 5*p + 6. Let s be (2 - 22)*(-2)/2. Suppose 26*o = 21*o + s. Determine g(o).
2
Let i = -2 - -4. Suppose 0 = -i*z + 3 + 1. Let k(u) = -3 - z*u - u + u + 4. Give k(-5).
11
Let o be 1 + 1*(-5)/(-30). Let v(r) be the second derivative of -o*r**3 + 4*r - 3*r**2 + 0 - 1/12*r**4. Give v(-5).
4
Suppose 5*d - 2*k + 22 = 0, -2*d = 3*d + 3*k + 17. Let x(u) be the third derivative of -u**5/60 - u**4/12 + u**3/3 - 8*u**2. Determine x(d).
-6
Let q(o) = 4*o**2 - 7*o - 2. Let z(b) = -b**2 + 2*b - 2. Let a(n) = q(n) + 5*z(n). Calculate a(4).
-16
Let q be (-6566)/737 - (-1)/(-11). Let t(f) = -f**2 - 12*f - 12. Determine t(q).
15
Let r(y) = y**2 - 7*y + 4. Let m(p) = 3*p**3 - 3*p**2 + p - 2. Let q be m(2). Let l = q + -5. Determine r(l).
4
Let v(d) = d**2 + 6*d. Suppose 2*y + i + 13 = 0, 3*y - 4*y - 3*i = -1. Let g be (y/20)/((-2)/(-30)). Let l be ((-4)/g)/((-16)/96). Determine v(l).
-8
Let f(a) = 3*a**2 - a**3 + 536277*a - 536277*a + 14. Give f(4).
-2
Let t = 1632 + -1629. Let h(k) = -4*k - 4*k**2 + 6*k**2 + 1 - 2. What is h(t)?
5
Let j(y) = y. Let i(m) = m**2 + 9*m - 1. Let x(h) = i(h) - 3*j(h). Let p be x(-6). Let t(z) = 8*z**2 - 2*z - 1. What is t(p)?
9
Let s = 17 + -10. Let n(o) = -s*o - 1 + 2*o + 2 + 5. What is n(4)?
-14
Let t(w) = w**3 - 6*w**2 + 7. Suppose 7*l - 10*h = -5*h + 37, 5*h + 13 = 3*l. Calculate t(l).
7
Let q(c) = c - 4. Suppose -9*d + 12*d = 24. Suppose 0 = -j + 5*z + 1, -2*z = -j - d. Let o be (j + 2)*1/(-2). Calculate q(o).
2
Let d(f) = f - 16. Let q(p) = -3. Let j(v) = -d(v) + 4*q(v). Give j(6).
-2
Let j(w) = w - 14. Let k(p) = -p + 12. Let n(r) = -3*j(r) - 2*k(r). Calculate n(0).
18
Let a = -707 - -709. Let q(o) = -o**2 + 1. Calculate q(a).
-3
Let j(c) = c**2 + 5*c - 6. Let k(i) = 12*i - 45. Let x be k(-6). Let l = -123 - x. Give j(l).
0
Let c(j) be the second derivative of -j**2/2 + 4*j. Let t(x) = 6*x + 4. Let z(d) = -3*c(d) - t(d). Give z(2).
-13
Let w(f) = -7*f**2 - f. Let k be (2 - 1)/((-1)/(-6)). Let n be (4/k)/((-12)/(-306)). Suppose -18*g + n*g = 1. Determine w(g).
-6
Let m(y) = -77*y + 1. Let g(r) = r**3 + 13*r**2 + 6*r - 71. Let n be g(-12). What is m(n)?
-76
Let k(x) = 7*x**3 - 3*x**2 - 10*x - 7. Let v(u) = 5*u**3 - 3*u**2 - 8*u - 5. Let a(m) = 2*k(m) - 3*v(m). Determine a(4).
1
Let u(x) = x**3 - x + 11. Let v be (-33)/132 - (-2)/8. Calculate u(v).
11
Let q be 266/(-30) - (42/(-45))/(-7). Let d(l) = l**2 + 10*l + 13. Calculate d(q).
4
Suppose 15 = 3*o, 5*j - o - 17 = 8. Let b(h) = -2 + 2*h**3 + 0*h**3 - 6*h**2 - h**3 + j*h. Determine b(5).
3
Let o(l) = -l**3 + 8*l**2 - 5*l - 9. Let b(t) = t + 12. Let g be (-172)/10 - (-1)/5. Let r(y) = -y**3 - 17*y**2 - 5. Let q be r(g). Let u be b(q). What is o(u)?
5
Let w(l) = -l**2 - l + 5. Suppose -5*j = 2*q - 14, -4*q = -8 - 0. Let z(v) = -4*v + 26 + 3*v**j - 2*v**2 - 7*v**2. Let g(h) = -16*w(h) + 3*z(h). Determine g(3).
-8
Let l(c) be the first derivative of 4*c**3/3 - 11*c**2/2 - 5*c - 197. Determine l(3).
-2
Let n(z) be the first derivative of -3*z + 7/2*z**2 + 12. Let q(y) = -13*y + 6. Let f(w) = -11*n(w) - 6*q(w). What is f(-6)?
-9
Let g(q) be the first derivative of q**3/3 - 3*q**2/2 - 8*q - 208. What is g(-2)?
2
Let l = -131 - -131. Let h(m) = -m - 4. What is h(l)?
-4
Let u(x) be the third derivative of x**6/120 + x**5/30 + x**4/12 - x**3/3 + 3*x**2. Suppose -6*g + 30 = -11*g. Let s be 1/(g/(-9) - 1). What is u(s)?
-17
Suppose 145*f = 140*f - 45. Let q(t) = t**3 + 9*t**2 - 3*t - 10. Give q(f).
17
Suppose 0 = 2*u + 4*i - 30, -u + 4*u + 2*i = 29. Let f(p) be the third derivative of p**4/24 - p**3 + 969*p**2. Determine f(u).
1
Let b(z) = -z**2 + 9*z - 8. Let t be (-1)/3 + (-42)/9. Let n = 1 - t. What is b(n)?
10
Let n(o) = -2*o**2 - o - 2. Let r(a) = 9*a**2 + 15*a + 45. Let d(f) = 4*n(f) + r(f). Determine d(-8).
13
Let d(o) be the first derivative of o**4/12 + 4*o**2 + 5*o + 19. Let u(b) be the first derivative of d(b). Give u(0).
8
Let u(a) = -7 + a + 4*a - 3*a - 3*a. Let i = -72 - -66. Calculate u(i).
-1
Let a(u) = -u**2 - 30*u - 219. Let c be a(-15). Let v(j) = -4 + 1 + 1 + 2*j + 1. Give v(c).
11
Let y = 23 - 19. Suppose -y*h + u - 5 = h, -2*u - 1 = h. Let j(q) = -7*q**2 - 7*q. Let p(l) = -3*l**2 - 3*l. Let d(n) = 4*j(n) - 9*p(n). Determine d(h).
0
Let w(n) = n**2 - n - 1. Let z(u) = 5*u**2 - 15*u - 3. Let d(k) = -6*w(k) + z(k). Determine d(-10).
-7
Let v(k) = -k**2 + 16*k - 15*k + 0*k**2 - 7*k - 7. What is v(-3)?
2
Let c(y) = y**2 - 4*y + 3. Suppose -2 = 3*x + 2*r, -r = -3*x + 2*r + 18. Let n be x*(9/(-6) + 1)*-3. Determine c(n).
0
Suppose -j = -3*f + 2, -2*j - 2*j + 3*f = 17. Let y(l) be the first derivative of -l**3/3 - 7*l**2/2 - 115. Determine y(j).
10
Let o = -1 - 5. Let h(b) = b**2 + 3*b - 5. Let c(x) = -2*x**2 - 6*x + 11. Let z(g) = o*c(g) - 13*h(g). Determine z(-2).
1
Let t be (-96)/(-16) - (-14)/(-4) - -1. Let r(s) be the second derivative of s + t*s**2 + 0 - 1/6*s**3. What is r(0)?
7
Let w = 3 - 1. Let t(m) = -2*m**2 - 2*m - 1 - 3*m + m**w. Calculate t(-6).
-7
Let o(m) = 6*m**2 + 0*m**2 - m**2 - 8*m**2. Let f be ((-3)/(-2))/(3/(-4)). Let h = 3 + f. What is o(h)?
-3
Let u(j) = -23*j**2 - j - 1. Suppose 0 = -2*l + 10 - 12. Determine u(l).
-23
Let a(r) = 1 + 3*r - r**2 - 7*r + 0*r. Suppose f = 4*u + 12, -15 = 5*u - 2*f - 0*f. Give a(u).
4
Let q(b) be the second derivative of -7*b**4/8 + 25*b**2/2 - 3*b. Let n(z) be the first derivative of q(z). Determine n(1).
-21
Let d = -56 + 59. Let s(u) = 5*u**2 + u + 1. Let a be s(-1). Suppose 41 = -a*z - 4*h, -32 = z + d*z + 3*h. Let v(f) = f - 5. Give v(z).
-10
Let t(g) be the first derivative of -g**4/4 - g**3/3 + g**2/2 - 18*g + 168. Determine t(0).
-18
Let u(k) = 3*k**2 + 2*k + 1. Let v = 66 - 96. Let f = v + 29. What is u(f)?
2
Let m(y) = -3*y - 8. Let j(a) = 5*a + 16. Let d(p) = -4*j(p) - 7*m(p). Let k be (6/(-4))/(3/(-8)). Let b = k - -2. Give d(b).
-2
Let d(a) be the second derivative of -5*a**4/12 + a**3/6 - a**2/2 - 64*a. Give d(1).
-5
Let c(b) = -b**3 - 13*b**2 - 12*b + 2. Let m(t) = t**3 + 12*t**2 + 11*t - 3. Let f(y) = 3*c(y) + 2*m(y). Determine f(-14).
0
Suppose 3*y + 3*y = 0. Let b(a) = a**3 + a**2 + a + 2. Give b(y).
2
Let p(n) be the first derivative of -n**4 - n**3 - 3*n**2/2 - n + 4. Let z be p(-1). Let j(r) = -r**2 + r + 4. Give j(z).
-2
Suppose 12 = 3*p + f, -4*p + f + 5 + 4 = 0. Suppose -p*u - 8 = u. Let s(z) = -z**3 + z - 1. Calculate s(u).
5
Let g = 15 - 15. Suppose 3*p + 13 = 5*o, 7 - 3 = -4*p. Let u(b) = 2*b**2 + 3*b**2 - 6*b**o - 6. Determine u(g).
-6
Let p = 2 + 2. Suppose 2*j - 7 = -z, 3*z - 1 = j + 6. Let t(o) = 3 + o - j + 0 + 2. Calculate t(p).
7
Let v(b) = -b**3 + 12*b**2 - 9*b + 3. Suppose 1178 = 83*m + 265. Give v(m).
25
Let t(c) = 18 - 2*c**2 - 10 + 0*c**2 + 5*c. Let r be t(4). Let b(f) = f**3 + 3*f**2 - 4*f - 1. Determine b(r).
-1
Let r(d) = -d**3 + 7*d**2 + 5*d - 4. Let f(s) = 6*s**3 - 35*s**2 - 26*s + 20. Let l(b) = 2*f(b) + 11*r(b). Let a = -25 - -18. Calculate l(a).
-25
Suppose 0 = -9*v - 83 - 97. Let k(r) = r**3 + 19*r**2 - 18*r + 41. Let u be k(v). Let p(q) = -4*q**3 - 1. Give p(u).
-5
Let y(u) = u**3 + 9*u**2 + 9*u + 12. Let s = 2 - -14. Let z = 8 - s. What is y(z